 of u?
2
Let o(z) = -5*z - 7. Let g be o(-6). Let d = -12 + g. What is the units digit of d?
1
Let y be (-2)/(-3) - (-1)/3. Suppose 0 = 2*i + 6*u - 3*u + y, -2*i = u - 1. What is the units digit of i?
1
Let j = 363 - 252. What is the hundreds digit of j?
1
Let d be (2 + 0)*(-2 - -3). Let o be 88/(-16) - 1/d. What is the units digit of 3/(-18) - 49/o?
8
Let l = 3 + 2. Let o(i) = -1 + 6*i - 5*i + 0*i. What is the units digit of o(l)?
4
Let q = -2 + 4. Let h(g) = 7*g - 4*g**2 + g**2 + 6*g**2 - 4*g**q + 5. What is the units digit of h(6)?
1
Let r(s) be the third derivative of s**4/12 + s**3/2 + 4*s**2. What is the units digit of r(4)?
1
Suppose i - 89 - 89 = h, -i - 4*h + 168 = 0. What is the units digit of i?
6
Suppose 0 = 5*i - c - 1 + 4, -12 = -2*i - 4*c. Suppose i*n - 5*n = -85. What is the tens digit of n?
1
Let v(u) = u**3 + 6*u**2 + 2. Let o be v(-6). What is the units digit of o*-1*3/(-3)?
2
Suppose -20 = -a + 6*a. Let p(x) = x**2 + 4*x + 6. What is the units digit of p(a)?
6
Suppose -15 = j - 6*j. Suppose j*i + 19 = 2*q, 0 = -3*q + 2*i + i + 30. What is the tens digit of q?
1
Let s = -17 - -98. What is the tens digit of s?
8
Let j(q) = q**3 + 7*q**2 - q - 1. What is the tens digit of j(-5)?
5
Suppose -15 = 2*h - 3*h. Let y be 12/h*(-15)/(-2). What is the units digit of (4/y)/((-4)/(-6))?
1
Let s = 4 + -5. Let c = 2 + s. What is the units digit of -7*(-2 - 0) + c?
5
Suppose 11 + 13 = -4*w. Let h = 25 - 37. Let g = w - h. What is the units digit of g?
6
Let j(i) = 65*i + 1. Let p be j(1). Suppose -7*g = -5*g - p. What is the tens digit of g?
3
Let d be (24/15)/((-4)/(-30)). Let h be 1/(-1 + 0)*-8. Let n = d - h. What is the units digit of n?
4
Let c = -1 - -3. What is the tens digit of 2*(3 + 7/c)?
1
Let w be (-129)/(-2) + 1/(-2). Suppose w = 3*d + d. What is the tens digit of d?
1
What is the tens digit of 42/(-3 - -6) - 2?
1
Let v = 24 - 16. Suppose v = -3*a + 5*a - 5*j, -12 = -3*j. What is the units digit of a?
4
Let y(l) = -3*l + 12. What is the tens digit of y(-5)?
2
Let x = 1 - -6. Let l be (-9)/x - (-2)/7. What is the units digit of (6/9)/(l/(-9))?
6
Let h(r) = -3*r - 38. What is the units digit of h(-24)?
4
Suppose 95 + 90 = 5*d. What is the units digit of d?
7
Let n = -43 + 64. Suppose s + 2*s - n = 0. What is the units digit of s?
7
Suppose -12 = -3*o - 0. Suppose 0 = -g - 5*p + 27, -g = -o*p + 7 + 11. Suppose 0 = -5*c - 3*x + 7, -4*x + 8*x = -3*c + g. What is the units digit of c?
2
Let d(p) = -3*p - 8. Suppose -22 - 28 = 5*f. Let s be d(f). Suppose -o = -3*g + 2*g + s, 3*o = -4*g + 74. What is the tens digit of g?
2
Suppose -2*p - 22 = -2*f, -4*p = -6*p - f - 13. Let y = -1 - -3. What is the units digit of 0 - (p + y) - 1?
5
Suppose 0 = 5*d - 2*x + 286, 5*x + 2 = -d - 39. What is the units digit of 4/14 + (-96)/d?
2
Suppose -529 = -4*n - 81. What is the tens digit of n?
1
Suppose 120 = 6*p - 3*p - 3*z, 2*p - 3*z = 84. What is the tens digit of p?
3
Suppose 3*l + 533 + 39 = 4*h, -5*h + 708 = -2*l. Suppose 0 = 4*q + 8 - h. What is the units digit of q?
3
Suppose -8 = 2*n, -h + 172 = 3*h + n. What is the units digit of h?
4
Let l(k) = k**2 + 2*k - 2*k**2 + 4*k + 7. Let c be l(7). Suppose -3*j - 2*j + 10 = c. What is the units digit of j?
2
Suppose -2*g + 10 = -2. What is the units digit of 5/(45/g)*36?
4
Suppose 155 = 3*h - 2*o, h + 2*o - 82 + 17 = 0. What is the tens digit of h?
5
Let o = 4 - 1. Suppose q = o*q + 24. What is the units digit of (-2 - -9)*q/(-14)?
6
Let k = 7 + -3. Let p be 12/10*(-10)/k. What is the units digit of p/(-5) - 32/(-5)?
7
Suppose -13 = 3*l - 166. What is the units digit of l?
1
What is the tens digit of (-1 - -209)*1/(-4)*-2?
0
Let k = 11 + -146. Let r be 1/(-4) + k/4. Let y = r + 47. What is the tens digit of y?
1
Suppose 4*z = -3*u + 160, 3*z = 3*u - 5*u + 105. Let x = u - 30. Suppose o = 4*o - x. What is the tens digit of o?
1
Let v(z) = -3*z + 8. Let p(f) = 2*f - 7. Let y(q) = -4*p(q) - 3*v(q). Let j be y(-3). Suppose -5*o + j = -4. What is the units digit of o?
1
Let y(q) = q - 2. Let x be y(8). Let s = x - 4. What is the units digit of s?
2
Suppose -q - 5*j = -0*q - 20, -3*q + 3*j = 12. Suppose -4*d - 72 + 24 = q. What is the units digit of -3 + 1 - (2 + d)?
8
Let k(f) be the second derivative of -f**3/3 - 3*f. Let w be k(-3). Let b(c) = c**2 - 5*c - 4. What is the units digit of b(w)?
2
Let c(d) = 3*d**2 + 6*d - 35. What is the units digit of c(7)?
4
Let b(n) = -n**2 - 7*n - 3. Let j be -5 - (2 - 2)/(-2). What is the units digit of b(j)?
7
Let c = 3 + -1. Let v(k) = 2*k**c + 4*k - 3*k + 0*k**2. What is the units digit of v(-1)?
1
Let g(q) = -2*q - 2 + 2 - 1 + 4*q**2. Let y be g(-1). Suppose x - 3*a = y*x - 71, x - 29 = -3*a. What is the tens digit of x?
1
Let l be (-1 + 9/6)*-4. What is the units digit of l/8 + (-61)/(-4)?
5
Suppose -5 = -s - 2. Let j = s + 1. What is the units digit of j?
4
Let l be (-4)/18 + (-3872)/72. Let t = -37 - l. What is the units digit of t?
7
Let w(j) be the second derivative of j**5/60 + 5*j**4/24 + j**3/3 + j**2 - j. Let a(q) be the first derivative of w(q). What is the units digit of a(-6)?
8
Let i = 598 - 427. What is the tens digit of i?
7
Let k(o) be the second derivative of o**3/6 - 2*o. What is the units digit of k(1)?
1
Let z(j) = -2*j**2 - 2*j. Let d = 3 + -5. Let q be z(d). What is the units digit of (q/16)/((-1)/4)?
1
Suppose 0 = -h - 2*h + 144. What is the tens digit of h?
4
Let r(w) = w**2 + 5*w + 4. What is the tens digit of r(-6)?
1
What is the units digit of 1 - -3 - 5/(-1)?
9
Let u = -11 - -5. Let o be (-4)/(-8) + 18/(-4). Let k = o - u. What is the units digit of k?
2
Let m = 89 + 24. What is the units digit of m?
3
Let a(b) = b + 3. Let s be a(3). Suppose 4*y = 2*k - s - 14, -y = 5*k - 17. What is the units digit of k?
4
What is the units digit of (-35)/(-14)*(-38)/(-5)?
9
Let o = 27 - 17. Suppose -4*m + o = -46. What is the units digit of m?
4
Let c(b) be the first derivative of -2*b**2 - 3*b + 2. Let v be (-38)/8 + 9/12. What is the tens digit of c(v)?
1
Let s(j) be the first derivative of j**3/3 + 2*j**2 - 8*j + 2. What is the units digit of s(-6)?
4
Let r(d) = -2*d**3 - 21*d**2 - 20*d + 10. What is the hundreds digit of r(-10)?
1
Let x(u) be the second derivative of u + 0 + 0*u**2 + 4/3*u**3. What is the tens digit of x(2)?
1
Suppose -501 = -4*r - 205. What is the tens digit of r?
7
Suppose -r + 117 = 4*x, 4*x - 5*r - 85 = 50. What is the units digit of x?
0
Suppose -2*x + 196 = -3*a, 3*x = 3*a - 151 + 445. What is the tens digit of x?
9
Let f(i) = 10*i**2. Let l(h) = -h**3 - 6*h**2 + 6*h - 5. Let v be l(-7). Suppose -4*x = -2 - v. What is the tens digit of f(x)?
1
Suppose -2*j - 3*j + 190 = 0. Suppose -x - 3*x + 33 = 3*l, -2*l - j = -4*x. What is the units digit of x?
9
Suppose -2*y = 4*o + 12, 0 = -4*o - 0*y + 5*y - 12. Let k be ((-9)/o)/3 + 1. Suppose k*m = m + 12. What is the units digit of m?
2
What is the tens digit of (0 - 42)/((-3)/2)?
2
Suppose 5*o + 10 = 4*m, 5*m + 5*o - 55 = -20. Let b = 6 + m. What is the units digit of b?
1
Suppose -3*n - 7*x = -2*x - 325, n = -x + 109. What is the hundreds digit of n?
1
Let y = -11 - -31. What is the units digit of y?
0
Let q be (-5)/((-20)/(-6))*-2. Suppose 2*b = -q*b + 80. What is the tens digit of b?
1
Suppose 2*a + m = 158, -5*a + 4*m - 226 = -647. What is the units digit of a?
1
Suppose 4 = 4*x, 3*k - x - 76 - 61 = 0. What is the units digit of k?
6
Let u(i) = 6*i - 3. Let t(g) = 2*g - 1. Let l(o) = -7*t(o) + 2*u(o). What is the tens digit of l(-9)?
1
Suppose 0 = 5*h - 0 + 30. Let f = 3 + h. What is the units digit of f/((-3 + 2)*1)?
3
Let s(q) = -6*q - 5 - q - q**2 - 2. Suppose 0 = -2*g - g - 15. What is the units digit of s(g)?
3
Let v(i) = 28*i**2 - 4*i + 1. Let h(p) = 27*p**2 - 3*p + 1. Let a(z) = -6*h(z) + 5*v(z). Let x be a(-1). What is the units digit of (x/6)/(1/(-2))?
7
Let k(g) = g**3 + 8*g**2 + 8*g - 3. What is the tens digit of k(-6)?
2
Let i(a) = 2*a**2 + a + 2. Let n be i(4). Let q = -19 + n. Suppose 5*p = 2*y - 3*y + q, -p = 3*y - 15. What is the units digit of p?
3
Suppose -h = -4*h + 162. Suppose -6 = -5*x + h. What is the tens digit of x?
1
Let c = -232 - -414. What is the hundreds digit of c?
1
Let s(g) = -7*g - 3. What is the tens digit of s(-3)?
1
Let n = 2 + 7. What 